)?
-4
Let z(o) be the second derivative of -5*o**3/6 - o**2/2 + 19*o + 19. Let d = 11 + -8. Determine z(d).
-16
Let v(o) = 3*o**3 - o. Let p(d) = 11*d**3 - 7*d**2 - 7*d + 13. Let a(j) = -p(j) + 4*v(j). What is a(-6)?
5
Let t(f) = 2. Let l(y) = -2*y + 24. Let c(n) = -l(n) + 12*t(n). Suppose z - 2*z = -10. Suppose 10*j + z = -0. Determine c(j).
-2
Let g(l) = -5*l**3 - 2*l**2 + 1. Let d be g(-1). Suppose -3*c - 1 = 11, 5*z = -2*c + 107. Suppose d*k + z = -1. Let j(a) = -2*a - 4. Calculate j(k).
8
Let s(w) = w**2 - 3*w - 37. Let a be s(-5). Let f(y) = 20*y**3 + 15*y**3 - 12 - 56*y**a - 11*y**2 + 20*y**3 + y. Give f(-11).
-23
Let x(q) be the second derivative of -q**5/20 + 7*q**4/12 - 3*q**3/2 + 23*q**2/2 - 2*q + 194. Calculate x(6).
5
Suppose -2*u - 3*o - 267 = 0, -4*u + 7*u = o - 384. Let v = -130 - u. Let b(t) = -2*t**2. What is b(v)?
-2
Let q(n) = 16*n**2 + 81*n - 231. Let a(m) = 13*m**2 + 82*m - 229. Let g(j) = 6*a(j) - 5*q(j). Calculate g(41).
-14
Let c(g) = -5*g**2 + 71*g + 10. Let t be c(14). Suppose 2*q + 18 = 4*o, -8*q - t = -5*q - 5*o. Let w(x) = -x**3 - 5*x**2 - 5*x - 5. Calculate w(q).
-8
Let l(v) = -9*v - 54. Let f(j) = -4*j - 26. Let w be (4/(-6))/(-12 + 220/18). Let c(n) = w*l(n) + 7*f(n). Give c(-20).
0
Let n(z) be the third derivative of -z**6/120 - 3*z**5/20 - 5*z**4/8 - 5*z**3/2 - 268*z**2. What is n(-7)?
-8
Let h(u) = -2 - 4*u + 0 + 5*u. Let p(i) = -2*i**2 - 4*i + 42. Let d be p(-5). Suppose 2*o = 6*o - 4*f - d, -o - 4*f = -3. Give h(o).
1
Let u = -84 + 90. Let w(d) = u*d - 7*d + 4*d - 2*d. Let s = 6 + -7. What is w(s)?
-1
Let w(q) = 45*q - 42. Let x(y) = 23*y + 553. Let j be x(-24). Calculate w(j).
3
Suppose b - 53 = -49. Suppose -3*v + b*w = 8*w - 13, -24 = 4*v - 5*w. Let c(y) = 9*y**2 + 2*y + 1. Determine c(v).
8
Let i(b) = b**2 + 6*b - 10. Let r(p) be the second derivative of p**4/12 - p**3/2 - 4*p**2 - 11*p. Let z be 1*4 + (-14 - -10). Let g be r(z). Give i(g).
6
Suppose 30*w - 37*w = 273. Let q be (41 + w)/(1*-1). Let h(p) be the second derivative of p**5/20 + p**4/6 + p**3/2 + p**2 - p. Give h(q).
-4
Let k(a) be the second derivative of -a**3/6 - 25*a**2/2 + 2765*a. Calculate k(-27).
2
Let i(o) = 37*o + 15. Let u be ((-12)/(-10))/((2046/155)/(-22)). Calculate i(u).
-59
Suppose 0 = -6*y - 0*y + 42. Let q(b) = 5*b + 0*b - 2 - 15*b + 4*b + 5*b. Determine q(y).
-9
Let w = 5819 - 11631/2. Let r(g) be the second derivative of 0 - 29*g - w*g**2 - 1/6*g**3. Determine r(-5).
-2
Let l(a) be the third derivative of a**8/1344 + a**6/240 - a**5/60 - 19*a**4/24 + 2*a**2 + 49. Let p(o) be the second derivative of l(o). Give p(2).
44
Suppose -89*o + 1078 = 65*o. Let d(u) = 24*u - 179. Give d(o).
-11
Let r(z) = -20871*z**3 + z + 2 - 1 + 20870*z**3 + 5*z**2 - 2 + 0. Let d(h) = h**2 + h - 5. Let l be d(-6). Suppose -4*v - v + l = 0. Determine r(v).
4
Let z = -8669 + 8669. Let n(m) be the second derivative of -1/6*m**3 + z - 36*m + 0*m**2. Give n(-6).
6
Let l(w) = -w**2 + 8*w - 20. Let x = -5053 + 5062. What is l(x)?
-29
Let y(t) = -42*t - 245. Let z(g) = -132*g - 1590. Let h be z(-12). What is y(h)?
7
Let r(l) be the second derivative of -1/2*l**2 + 0 + 7/3*l**3 - 139*l. What is r(1)?
13
Suppose -8 = 5*b - 88. Let l = b + -11. Let z(v) = -v**2 + 5*v - 5. Calculate z(l).
-5
Let x(k) = -k**3 + 2*k - 2. Suppose 7*f - 17 = 18. Suppose f*i - 47 = 3*b, -3*i + 27 + 2 = -b. Suppose 0 = -h - 4*p + 22, -3*p = -p - i. Determine x(h).
-6
Let t(k) = -k**2 - 5*k - 9. Suppose 8*d - 7*d - 16 = -20. Determine t(d).
-5
Let a = -64 + 67. Let p(l) = -l + l + 0*l**3 + l - l**a. What is p(2)?
-6
Let j(n) be the second derivative of 1/12*n**4 - 14*n + 0 + 4/3*n**3 + 0*n**2. What is j(-8)?
0
Let c = -1583 - -1787. Suppose 87*u + 15*u - c = 0. Let i(n) be the third derivative of -5*n**4/24 + n**3/2 - n**2. Give i(u).
-7
Let d be 9*2/(-3) - (-6)/2. Let g(c) be the third derivative of c**6/120 + c**5/10 + c**4/6 + c**3/3 - 82*c**2 + 3*c. Calculate g(d).
17
Let a(v) = v**2 - 29*v + 45. Let m be (-81)/108*(-8)/(-3)*(-135)/10. Give a(m).
-9
Suppose -s - 4*q - 15 = 0, 5*s + 2*q = 11 + 4. Suppose 19*y - 5 = 14*y. Let m(o) = 2 - 132*o + y + 129*o. Give m(s).
-12
Let k be (-22)/(-8)*(-31 - (-3 + 0)). Let t = 79 + k. Suppose -t*g - 5 = 13. Let a(v) = v + 12. Determine a(g).
3
Let z(g) = g**3 + 3*g**2 + 2*g + 1. Let s(n) = -11*n - 101. Let r be s(-9). Determine z(r).
1
Let k(s) = -s**3 - 8*s**2 - 9*s - 15. Let n be 22 + -16 + (-6 - 8). What is k(n)?
57
Let p(m) = -m**2 - 10*m - 15. Let w(i) = -i**2 - 11*i - 17. Let y(o) = 3*p(o) - 2*w(o). Calculate y(-6).
1
Let h = -2 - 3. Let w(y) be the third derivative of y**5/60 + y**4/8 + y**3/3 - 7*y**2 - 321. Calculate w(h).
12
Let t be (-3)/4*10/(-5)*6. Let i(c) = -5*c**3 + 8*c + 5*c**3 + c**2 - t - c**3 + 3*c**2. Let r be i(5). Let p(w) = w**2 - 3*w - 4. Give p(r).
14
Let b be 4/(216/(-546)) - (-33)/297. Let j(k) = -1 + 9*k**2 + k**3 + 5*k**2 - 4*k**2. Determine j(b).
-1
Let c be 1416/32*(-8)/(-3). Suppose 0 = -5*f + 3*l - c - 157, 0 = -5*l. Let x = f + 51. Let g(o) = o**2 - 3*o - 4. What is g(x)?
24
Let v(w) = w**3 - 38*w + 16. Let d(l) = l**3 - l**2 - 46*l + 19. Let b(z) = 5*d(z) - 6*v(z). Let j be ((-7)/(-2))/7*-8. What is b(j)?
-9
Let s(g) = g**3 + 3*g**2 - 2*g + 3. Suppose 6 = 39*i - 36*i. Let d(f) = -f**3 + 2*f**2 - 12*f + 21. Let r be d(i). Determine s(r).
9
Let h be 5/(-2*2/(-4)). Suppose 2*r - 1 = h. Let w(d) = d**3 + 5*d**2 - 7*d + 6*d**r - 4*d**3 - 9 - 2*d**3. Give w(-6).
-3
Let k(i) = -1 - i**3 - 3*i**2 - 14*i**2 - i + 10*i**2. Let a be k(-7). Let g(s) = s**2 - 4*s - 2. Calculate g(a).
10
Let t(n) = -n**2 + n + 20. Let y(o) = -8*o**3 - 8*o**2 - 22*o - 16. Let d be y(-1). Calculate t(d).
-10
Let v = 19 - 12. Suppose 2*p - 11 + 93 = 3*f, p = 5*f - 146. Let d(a) = -68*a + f*a + 36*a + 5. What is d(v)?
-9
Let l(z) = -6*z**2 + 13*z - 8. Let q(d) = -7*d**2 + 15*d - 9. Let n(j) = 5*l(j) - 4*q(j). Let m = 5 - 1. Give n(m).
-16
Let d(p) = -2*p**3 - 17*p**2 + 14*p - 17. Let g(j) = 5*j**3 + 51*j**2 - 43*j + 47. Let a(w) = 8*d(w) + 3*g(w). Give a(16).
-11
Suppose -2*y = -3*k + 24, 2*k - 49 = 4*y + y. Let l = -4 - y. Suppose -5 = l*f - 35. Let z(d) = d**2 - 5*d - 1. Give z(f).
5
Let k(a) = a**3 - 7*a**2 - 5*a. Suppose h - 158 + 136 = -2*j, -j + 31 = 3*h. Determine k(h).
24
Let f(a) = 16*a**2 - 13*a + 2*a**3 - 13*a + 4*a**3 - 5 - 15*a**3 + 7*a**3. What is f(3)?
7
Let u(p) be the first derivative of -p**6/360 - p**5/40 + p**4/6 + 2*p**3 + 6*p - 65. Let g(k) be the third derivative of u(k). Calculate g(-6).
-14
Let x(c) = -105*c. Let n(h) = -2*h**3 + 46*h**2 - 30*h - 309. Let r be n(22). Give x(r).
105
Let f(c) be the second derivative of 5*c**2 + 7/6*c**3 - 1/20*c**5 + 100*c + 0 - 1/3*c**4. Give f(-5).
0
Let p(b) = b**3 + 6*b**2 - 23*b - 149. Let g be p(-6). Let z(i) = -3*i**2 - 33*i + 5. Determine z(g).
5
Let o(p) = 3*p - 2. Let v(x) = 4*x - 3. Let r(g) = -8*o(g) + 5*v(g). Let m = 72888 - 72884. Give r(m).
-15
Let p(q) be the second derivative of q**4/24 + q**3/2 - 29*q**2/2 - 10*q. Let c(b) be the first derivative of p(b). Let g = 0 + 6. Calculate c(g).
9
Let n(a) be the third derivative of a**4/24 - 7*a**3/2 + 1131*a**2. What is n(22)?
1
Suppose -22*z + 18*z = -8. Let o(c) = c - 5*c**z - 5*c - c**3 - 400 + 404. Determine o(-4).
4
Let w be 2427/33 - (-18)/(-33). Let m = -67 + w. Let d(u) = u**3 - 6*u**2 + u + 2. Give d(m).
8
Let i(g) = -g**2 + 14*g - 9. Let k(p) = -135 + 123 + 3*p - 3*p - 5*p. Let y be k(-3). Suppose -y*h + 2*s + 26 = -h, -4*s = -5*h + 65. What is i(h)?
4
Suppose 0 = -12333*s + 12330*s - 12. Let d = 2 + 0. Let c(w) = 4*w - w**3 + 1 + 9*w**2 + d*w**3 - 3*w**2 + 4. Determine c(s).
21
Let s = 14172 - 14186. Let x(b) = -b**3 - 12*b**2 + 31*b + 25. Give x(s).
-17
Suppose 33 = 18*g - 3. Let n(x) = -x - 19. Let u(a) be the second derivative of -a**3/6 - 4*a. Let d(m) = g*u(m) - n(m). What is d(8)?
11
Let h(i) be the third derivative of -i**4/24 + i**3/3 + 2*i**2. Let q(w) = w + 6. Suppose 4*p - 3*d = -0*p - 12, 4*p - 4*d = -16. Let t be q(p). Calculate h(t).
-4
Let l(z) = 153*z. Let g(v) = -749*v - 1. Let t(w) = g(w) + 5*l(w). Give t(5).
79
Let l(g) = 2*g**2 - 3*g + 1. Suppose j = -6*w + 2*w - 14, 26 = -4*w + 5*j. Let y(t) = 7*t - 7. Let c be y(w). Let b be ((-15)/c)/(4/28). Give l(b).
10
Let g(i) = -66*i - 76. Let z(u